ided by 34?
33
Let q(n) = 3*n**3 + 2*n**2 + 4*n - 8. Let k be q(3). Suppose -4*f - k = -6*f - a, -2*f = 5*a - 107. Calculate the remainder when f is divided by 13.
12
Suppose 2*w - 16 = 4*m, 4 + 0 = 3*w + 4*m. Suppose -t = t - w. Suppose -2*i = -t*c + 52, 0 = -4*c - i - 2*i + 97. What is the remainder when c is divided by 9?
7
Let f(h) = -h**3 - 16*h**2 - 2*h - 22. Let a(j) = -j**3 - 7*j**2 - 6*j + 4. Let b be a(-5). What is the remainder when 19 is divided by f(b)?
9
Let v(u) = 5*u**2 + 17*u - 2. Let x(a) = -a**2 + 1. Let f(w) = v(w) + 4*x(w). Let i be f(-17). Calculate the remainder when 1/i*-4 - -63 is divided by 21.
19
Suppose 9*d - 4*q - 332 = 6*d, 0 = -4*q - 8. What is the remainder when d is divided by 16?
12
Let b = 182 + 26. What is the remainder when b is divided by 63?
19
Calculate the remainder when 91 is divided by (1 - (-56)/24)*12.
11
Suppose 2*g = -3*i + 5 + 1, 8 = 4*i - 4*g. Suppose -18 + 38 = i*j. Calculate the remainder when 48 is divided by j.
8
Let m(a) = 5*a**2 - 7*a + 6. Let k be m(5). Suppose 5*v - v = k. Let c = 30 - v. What is the remainder when 9 is divided by c?
3
Suppose -d + 135 = 2*q + 35, q = -2*d + 53. Calculate the remainder when q is divided by 10.
9
Let p(k) be the first derivative of k**4/4 + 2*k**3 - 5*k**2/2 + 10*k - 5. Let j = -28 - -66. Calculate the remainder when p(4) is divided by j.
36
Suppose -2*x + 305 = -x. What is the remainder when (-2)/6 - x/(-15) is divided by 20/15 - 29/(-3)?
9
Suppose 28 = 3*d - 7*d. What is the remainder when (d - -4)/6*-58 is divided by 10?
9
Let s(b) = -8*b + 1. Suppose 0 = 31*c + 58 - 461. Calculate the remainder when c is divided by s(-1).
4
Suppose -2*y + 1 + 9 = 2*r, -9 = -y - 2*r. Let g(d) = 4*d - 1. Suppose 16*q - 52 = 44. Calculate the remainder when q is divided by g(y).
0
Suppose -2*x - 88 = -6*x. Let d = 37 - x. Let g = 6 + 2. What is the remainder when d is divided by g?
7
Let b(l) = 14*l + 94. Calculate the remainder when b(8) is divided by 30.
26
Suppose 46 = n - 20. What is the remainder when n is divided by 23?
20
Let f(x) = 502*x - 1492. Calculate the remainder when 53 - (0 + 0)/(-1) is divided by f(3).
11
Calculate the remainder when 291 is divided by (0 - 4)*(-98)/8.
46
Calculate the remainder when 11/44 + (-854)/(-8) is divided by 27.
26
Let f = 431 + -405. Calculate the remainder when f is divided by 9.
8
Suppose 3*g + 4*r = 166, 5*g + 46 - 361 = r. What is the remainder when g is divided by 9?
8
Suppose q - 6*q = -4*p + 219, -2*p + 117 = -5*q. What is the remainder when p is divided by 7?
2
Let h = -307 - 307. Let i = -401 - h. What is the remainder when i is divided by 43?
41
Suppose -4*r = 4*q - 684, 2*r + q = -0*r + 338. Suppose -3*z + 3*g = -120, 4*g - 114 = -3*z + 6*g. Calculate the remainder when r is divided by z.
31
Suppose -2*k - k = -45. Let t(l) = l**2 - 9*l + 92. What is the remainder when t(6) is divided by k?
14
Suppose 16*d - 13*d - 573 = 0. What is the remainder when d is divided by 48?
47
Suppose -327*y + 336*y - 171 = 0. What is the remainder when (1 - (2 - -1)) + 88 is divided by y?
10
Let j = 548 - 376. Calculate the remainder when j is divided by 45.
37
Suppose -2*n + 16 = 3*j - 40, n - 84 = -5*j. Suppose 7*s - 2*s - 132 = 2*p, 4*p = j. What is the remainder when s is divided by 5?
3
What is the remainder when ((-2244)/(-119) + 13)/((-1)/(-7)) is divided by 4?
3
Let j = 309 + -304. Calculate the remainder when 23 is divided by j.
3
Suppose 0 = -3*u - g + 210, -2*u + 132 = -0*u - 2*g. Let l = 46 + -38. Suppose 7*n - l*n = -24. Calculate the remainder when u is divided by n.
21
Suppose 5 = 2*i + 1. Suppose -i + 8 = 2*n. Suppose -n*b = 3*d - 39, 2*b + 41 = 5*d - b. What is the remainder when 38 is divided by d?
8
Suppose -3*w - 98 = -8*w - 4*q, -4*w + 3*q = -66. What is the remainder when 107 is divided by w?
17
Let n = -54 + 87. Suppose -3*g + 4*g - 6 = 0. What is the remainder when n is divided by g?
3
Let z(o) = -34*o**3 + 3*o**2 + 2 - 8*o - 2*o**2 + 11*o. What is the remainder when z(-1) is divided by 18?
16
Let y = 38 + -23. Suppose 3*l + 3 + 3 = 5*w, -15 = -4*w - l. Suppose w*s = 7*s - 164. Calculate the remainder when s is divided by y.
11
Let o = -79 + 151. What is the remainder when o is divided by 63?
9
Suppose 21*r - 466 = 1088. Suppose -185 = 5*j + 10. Let p = r + j. What is the remainder when p is divided by 9?
8
Calculate the remainder when 206 is divided by (5 - 11 - (-24)/3)/1.
0
Suppose -130 = -5*r + d, 5*d - 9*d = -3*r + 78. What is the remainder when r is divided by 16?
10
Suppose -3*x - 2084 = -5*c, -1678 = -4*c - x - 2*x. Calculate the remainder when c is divided by 30.
28
Suppose 3*z - 4*m - 5 = 18, 3*m + 19 = 4*z. What is the remainder when 36 is divided by 13 + 1/2*0/z?
10
Let f = -2040 + 2043. Calculate the remainder when 29 is divided by f.
2
Let q = -1200 + 1273. Suppose -2*k + 31 + 25 = 2*l, 0 = 3*k - 5*l - 60. Calculate the remainder when q is divided by k.
23
Let x be 3/(-27) + 3325/(-45). Let k = -46 - x. Suppose -4*c - 332 = -8*c. Calculate the remainder when c is divided by k.
27
Let i = 634 - 545. What is the remainder when 166 is divided by i?
77
Let p = -934 - -939. What is the remainder when 712 is divided by p?
2
Let d = -772 - -805. What is the remainder when 558 is divided by d?
30
Suppose -2*t = 8*t. Suppose t = 5*j - 41 + 1. Calculate the remainder when 37 is divided by j.
5
Let i = 1853 - 1845. Let w be -1 - -2 - 124/(-4). Suppose -2*d = 2 - w. Calculate the remainder when d is divided by i.
7
Let r = 180 - 144. What is the remainder when 142 is divided by r?
34
Calculate the remainder when 3/48*4 - 1035/(-4) is divided by 20.
19
Calculate the remainder when 1229 is divided by (4 + (-148)/(-8))/(48/64).
29
Let c be -8*((-5)/20)/1. Calculate the remainder when 56 is divided by 232/4*1/c.
27
Let l(a) = -4*a**2 + 8*a + 3. Let j be l(4). Let c = -8 - j. What is the remainder when 79 is divided by c?
16
Suppose -2*l - 3*l + 45 = 0. Suppose 18*q - 15*q - 125 = -4*m, 3*q + 3 = 0. What is the remainder when m is divided by l?
5
Let s(r) = 92*r - 1. Let g be s(-1). Let l = 137 + g. Let k = 28 + -5. What is the remainder when l is divided by k?
21
Suppose 5*x = b + 8, 9*b - 7*b + 3*x - 10 = 0. Suppose 0 = 5*p, 5*w - 4*p - 10 = p. What is the remainder when w is divided by b?
0
Suppose -p = -5*p. Suppose p + 9 = 3*o. Calculate the remainder when o is divided by (-7)/(-28) + 3/4.
0
What is the remainder when 28 is divided by 2 - 5/(-30)*0/(-2)?
0
Let w(k) = -3 + 3 + 39*k + 2. Let q be w(3). Suppose -r + q = 6*r. What is the remainder when 50 is divided by r?
16
Let c = 2093 - 1971. Calculate the remainder when c is divided by 57.
8
Let r(z) = z + 82. Suppose 41 = 2*a + 3*i, -3*i + 25 + 0 = a. Suppose n = a + 5. What is the remainder when r(0) is divided by n?
19
Suppose -3*p + 17 = 2*m, -2*p - 1 + 6 = -5*m. What is the remainder when 1 is divided by m?
0
Suppose -5*l = -2*h + 47, 15 = h + 5*l + 29. What is the remainder when 217 is divided by h?
8
Let u(n) = 293*n + 8. Let v be u(2). Suppose -16*q + 1522 = v. Calculate the remainder when q is divided by 30.
28
Let a(n) = n**3 - 6*n**2 + n + 8. Let p be a(6). Let o = p - 8. Calculate the remainder when (39/(-6) - 1)*-2 is divided by o.
3
Let t be 141/27 + 8/(-36). Calculate the remainder when 40 is divided by (1 - t) + (-378)/(-21).
12
Suppose 252 = 15*l + 87. What is the remainder when 94 is divided by l?
6
Suppose 8*m = 288 - 104. What is the remainder when 1309 is divided by m?
21
Let y(w) be the first derivative of -w**4/4 + 14*w**3/3 + w**2/2 - 4*w + 25. Calculate the remainder when y(14) is divided by 4.
2
What is the remainder when 80 is divided by (3/(-5))/(75/(-6875))?
25
Let a = -31 + 41. Suppose a*b - 27 - 233 = 0. What is the remainder when 48 is divided by b?
22
Let n(o) = -o**3 - 3*o**2 - 8*o - 4. What is the remainder when 187 is divided by n(-5)?
15
Let h(k) = -k**3 - 3*k**2 + 15*k + 3. Calculate the remainder when h(-6) is divided by 14.
7
Let o = 8 - -1. Suppose o*w - 8*w - 26 = 0. What is the remainder when 48 is divided by w?
22
Suppose 3*t = -l + 2*t + 24, 3*t - 30 = -l. What is the remainder when l is divided by 5?
1
Let b(m) be the second derivative of m**4/4 + 5*m**3/2 - 14*m. Let x be b(-5). Suppose x = l + l - 98. Calculat